e t(-8). Suppose 0 = -4*n + b + 125, -c*n - b = -2*n - 25. List the prime factors of n.
2, 3, 5
Let p(i) = -2*i**2 + 4*i - 2*i - 6*i**2 + 0*i - i**3 + 10. Let c be p(-8). List the prime factors of (15/c - -3)*12.
2, 3
Let w(k) = 12 - 19 + k + 7. Let a be w(2). Suppose a*s - 3*c = 2*c + 71, 3*c = -3*s + 54. What are the prime factors of s?
23
Let d(m) = -13*m - 7. Let c(u) = u**2 - 3 + 0 - 4*u - 2*u**2 - 2*u. Let b be c(-6). What are the prime factors of d(b)?
2
Let n be 1*3*(-3 + 4). Let t(p) = -p**3 + 3*p**2 - 2*p + 3. Let a be t(n). What are the prime factors of 31 - (a/(-1) - 6)?
2, 17
Suppose -r - 113 = -b - 4*b, 0 = -b + 3*r + 31. Let l = 19 - b. Let u(p) = -9*p + 1. List the prime factors of u(l).
2, 7
Let u(s) = -s**3 - 7*s**2 + 8. Let x = -3 - -3. Suppose x = -5*f - 24 - 11. What are the prime factors of u(f)?
2
What are the prime factors of 69 - ((-12)/3 - 0)?
73
Let t(d) = 4*d. Let g(z) = 2*z + 4 - 2*z + z - 6. Let y be g(5). List the prime factors of t(y).
2, 3
Let v = 23 - 18. Suppose 5 = -v*i, -l + 2*i - 66 = -3*l. List the prime factors of l.
2, 17
Suppose 18 + 72 = 5*r. Let z(f) = f. Let u be z(-2). Let i = u + r. What are the prime factors of i?
2
Let r be (-5)/(20/12) + -7. Let i = 8 + r. List the prime factors of 1 - 0 - -24 - i.
3
Let v be (196/3)/((-16)/72). Let p = -103 - v. List the prime factors of p.
191
Suppose 0 = q - 3*l - l + 46, -3*q - 154 = 4*l. Let u = 171 - 96. Let r = q + u. List the prime factors of r.
5
Let i(g) = g**3 + 2*g**2 + g + 1. Let s be i(-3). Suppose -5*w + 3*j + 0*j + 165 = 0, 3*j = 15. Let r = w + s. List the prime factors of r.
5
Let r(n) = n**3 + 4*n**2 - 2*n. Let p be r(3). Let q = p + -33. Suppose 3*o - q = -o. What are the prime factors of o?
2, 3
Let n(k) be the second derivative of k**3/2 - 5*k**2/2 + 4*k. Let t be n(4). Suppose -o - t = -29. What are the prime factors of o?
2, 11
Suppose q - 5*q - 84 = 0. Let j be 12/(-4) + (1 - q). Let r = j + -16. What are the prime factors of r?
3
Let p = -187 - -187. Let v(b) = -4*b - 2. Let g be v(-4). Suppose p = -g*w + 9*w + 145. What are the prime factors of w?
29
Suppose y - 3*y = -182. Let k = y - 51. Suppose 2*g = -0*g + k. What are the prime factors of g?
2, 5
Suppose 3*b - 28 = -5*j, j + 0*j - 5*b = 0. Suppose -437 + 143 = -j*q + 4*v, 318 = 5*q + 2*v. What are the prime factors of q?
2, 31
Suppose 0 = f - 1189 - 2322. What are the prime factors of f?
3511
Let y = -226 + 652. List the prime factors of y.
2, 3, 71
List the prime factors of (8472*-1)/(-8) - -3.
2, 3, 59
Suppose 0 = 4*i - 0*k + 3*k - 4691, -4*i = 2*k - 4694. What are the prime factors of i?
5, 47
Suppose 5*x = 3*a - a - 11, 3*x = 2*a - 9. Suppose 2*g = g + l + 6, 0 = a*l + 3. List the prime factors of g.
5
Let m(c) = c**2 - c - 11. Let w = 29 + -34. Let v be m(w). Suppose 6*z = v + 365. List the prime factors of z.
2
Let a = 369 - 59. Suppose -q = -6*q + a. What are the prime factors of q?
2, 31
Let u be (2/(-4))/((-2)/8). List the prime factors of 61 + 1 + (6 - u).
2, 3, 11
Let a be 1/(-2)*-98 - -4. Let q = a + -27. List the prime factors of q.
2, 13
Let a = -95 - -108. Suppose -9*w = -a*w + 220. List the prime factors of w.
5, 11
Let n(z) be the third derivative of 2*z**4/3 - 7*z**3/3 - z**2. Let m(v) = -3*v + 3. Let h(t) = -11*m(t) - 2*n(t). What are the prime factors of h(11)?
2, 3
Suppose 0 = -4*x - 117 + 37. Let i = x + 23. Suppose -177 = -5*c + 4*j, -3*c = -i*j - 17 - 88. List the prime factors of c.
37
Let h(m) = m**3 + 4*m**2 + 3*m + 1. Let k be h(-2). Let r(b) = -5*b**2 + 7*b - 4*b + 0*b**2 - b**k - 4. List the prime factors of r(-6).
2, 7
Let d(g) = 29*g + 4. Let p be d(4). Suppose -2*y = -3*y + 2. Suppose -p = -2*v - y*v. List the prime factors of v.
2, 3, 5
Let g(p) = -2*p + 5. Let v be g(6). Let x(b) = 3*b + 4. Let q be x(-3). Let s = q - v. What are the prime factors of s?
2
Suppose 3 = 5*p + i - 1, 0 = -4*p - 2*i + 8. Let c(k) = p*k - 3*k - 1 - 5 + 0*k. What are the prime factors of c(-6)?
2, 3
Suppose 4*m - d - 3 = 0, -3*d - 11 = -3*m - 4*d. Suppose 4*v + 2*s - 14 = 5*s, s - m = -2*v. Let h = 7 - v. List the prime factors of h.
5
Let g(c) be the third derivative of c**5/60 - 19*c**4/24 + 17*c**3/6 + 17*c**2. What are the prime factors of g(23)?
109
Let s be (-3 - -2)/(1/(-3)). Suppose 0*i - s*i = -15. Suppose 5*k - 75 = -0*k - u, -2*k + 30 = -i*u. List the prime factors of k.
3, 5
Suppose 97*o + 954 = 98*o. What are the prime factors of o?
2, 3, 53
Let m(y) = 618*y - 99. What are the prime factors of m(5)?
3, 997
Suppose 0 = 3*p - 3*l - 10104, 20*l - 25*l + 6715 = 2*p. List the prime factors of p.
5, 673
Let w(x) = 3 + 8*x - 8 - 1 - 9. Let n be w(-7). Let i = n + 132. What are the prime factors of i?
61
Suppose -5*k + 2*k + 240 = 3*z, -z + 380 = 5*k. Suppose 0 = 4*u + 5*c - 570, u - 5*c - k = 80. What are the prime factors of u?
5, 29
Suppose 4*x + 840 = 5328. What are the prime factors of x?
2, 3, 11, 17
Let d(f) = 312*f**2 - f. Let p be d(1). Suppose 0 = 7*n - p - 172. What are the prime factors of n?
3, 23
Suppose c - 3 = -0*c. Suppose 4*n = 1 + c. Suppose 4*s = 4*v + 8, 0 = 3*s - 4*s + 2*v + n. What are the prime factors of s?
3
Let v(b) = -b + 38. Let d be v(6). Let f = 34 - d. What are the prime factors of f?
2
Let p = 152 - 30. Let f = p - 35. What are the prime factors of f?
3, 29
Suppose -3*o = 2*v - 27, 0 = 2*v + 3*v + 2*o - 73. Let c = v + -16. List the prime factors of (c/2)/((-7)/140).
2, 5
Let a(n) be the second derivative of 7*n**3/3 + 3*n**2/2 - n. Let x be 36/(-20)*(-50)/30. What are the prime factors of a(x)?
3, 5
Let x(r) = 5 + 3*r**2 + r**2 - 3*r**2 + 0*r**2 - 3*r. List the prime factors of x(9).
59
Let z(b) = -b**3 + 8*b**2 - 8*b - 3. Let c be z(6). Suppose 5 = u - d, -4*u = -6*d + d - c. List the prime factors of ((-63)/(-28))/(1/u).
3
Let s = 2532 + -1787. List the prime factors of s.
5, 149
Suppose 807 = 3*n - 3*w, 0 = 2*w - 0 + 4. What are the prime factors of n?
3, 89
Let d(g) = -17*g**3 - g**2 - 5*g - 4. List the prime factors of d(-3).
461
Suppose -612*j + 615*j = 10242. What are the prime factors of j?
2, 3, 569
Suppose 5*z + 0*z = 630. List the prime factors of (z/8)/((-15)/(-40)).
2, 3, 7
Let o(y) = y**3 - 16*y**2 + 14*y - 10. What are the prime factors of o(16)?
2, 107
Let s = 4711 - 3361. What are the prime factors of s?
2, 3, 5
Let h be 1/(2/(-10)) - -1160. Suppose -6*v + h - 33 = 0. List the prime factors of v.
11, 17
Let w be (-18)/(-10)*10/6. Suppose 0 = -w*x - 3*x + 444. List the prime factors of x.
2, 37
Suppose -6*v + 10*v = -128. Let h = -3 - v. Suppose b + 8 - h = 0. List the prime factors of b.
3, 7
Suppose -c + 2*c = 0. Suppose 0 = 5*n - 4*r - 15, -2*r = 3*n - c*n - 9. Suppose 61 = n*k + 7. List the prime factors of k.
2, 3
Let d(l) = -l**2 + l. Let z be d(0). Suppose z = -5*x + p - 0*p + 20, 0 = -5*x + 5*p. Suppose 0 = -2*n + x + 11. List the prime factors of n.
2
Let c = 261 + 1795. List the prime factors of c.
2, 257
Let m(q) = -q**3 + q**2 - 37. Let d be m(0). Let c = 130 - 71. Let v = c + d. What are the prime factors of v?
2, 11
Suppose -2*l - u + 923 = 0, -5*l - 542 = u - 2857. What are the prime factors of l?
2, 29
Let v = 35 - 22. Suppose 0 = -b - 4*l + v, 0*l + 3*l - 6 = 0. What are the prime factors of 1/b - (-229)/5?
2, 23
Let x be -4 + (1 - 12/(-4)). Let o = -6 - -11. Suppose 2*j - 3*j + o = x. What are the prime factors of j?
5
Suppose 8 + 4 = 4*d - h, 5*h = -3*d + 32. Suppose -d*c = -3*c - 20. Let u = c + -7. List the prime factors of u.
13
Suppose 0 = -4*y - 2 + 18. Suppose 5*v + 3*g - 104 = 0, g = -y*v + 39 + 40. Let f = 41 - v. What are the prime factors of f?
2, 11
Suppose -3*a + 13 = -5*o, -4*a - 3*o = -5*o - 8. Let b be ((-3247)/34)/(a/2). List the prime factors of 1/(-5) + b/(-5).
2, 19
Let d(t) = 60*t - 7. What are the prime factors of d(2)?
113
Let l = 31 + -30. Let o be 15/10 - l/2. Let t = 17 - o. What are the prime factors of t?
2
Let n be ((-15)/(-20) - 82/8)*-40. Suppose 12*j + n = 17*j. What are the prime factors of j?
2, 19
Let v(c) = 5 + 2*c**2 + c**2 + 12*c - 2*c**2 - 2*c**2. What are the prime factors of v(11)?
2
Suppose 2*t = -4*p + 3680, -12*p + t - 4606 = -17*p. What are the prime factors of p?
2, 461
Let h(o) = 33*o**2 + 32*o + 3. List the prime factors of h(5).
2, 13, 19
Let t(